
10151
Let p be 6/(-4)*41/(-123)*24326. Suppose 2893 + p = 16*b. What are the prime factors of b?
941
Suppose 21*x = 24*x - 63. Let r = 23 - x. Suppose 7*l - 125 = r*l. What are the prime factors of l?
5
Let o(g) = g**3 - 5*g**2 - 16*g + 8. Let v be o(7). Let s(d) = -20*d - 1. Let q be s(v). List the prime factors of (-51)/q + (-115)/(-7).
2
Suppose 23*v + 40 = 18*v. Let q = v + -15. Let f = 33 + q. What are the prime factors of f?
2, 5
Suppose 743953 = 79*i - 311171. List the prime factors of i.
2, 3, 7, 53
Let d = -106577 - -188697. List the prime factors of ((-1)/3)/(d/(-11730) + 7).
17, 23
List the prime factors of ((-324)/9)/9 + 2014.
2, 3, 5, 67
Suppose -c + 0*c + 3*t + 15 = 0, 21 = 2*c - 3*t. Suppose -c*v - 3*v + 18 = 0. Let y(n) = 5*n**2 + n + 1. List the prime factors of y(v).
23
Let l(z) = 1132*z**2 + 176*z + 538. List the prime factors of l(-3).
2, 5099
Suppose -140 = 41*o + 229. List the prime factors of (-4513)/o + 16/(-36).
3, 167
Let a(i) = -43*i + 41. Let l be a(6). Let f = 245 - l. List the prime factors of f.
2, 3, 7, 11
Let y be (-15 - 20)*10/(-14). Suppose -9529 = -y*z + 7246. List the prime factors of z.
11, 61
Suppose m = 3*f - 3200, 5*f - 8*f - 4*m + 3190 = 0. Suppose 0 = -2*s + 40 + f. List the prime factors of s.
7, 79
Let w(f) = -f**3. Let p(c) = 2*c**3 + 2*c**2 - 17*c + 12. Let t(o) = -p(o) - 3*w(o). What are the prime factors of t(8)?
2, 127
Let i = 1113 - 229. What are the prime factors of i?
2, 13, 17
Let x(n) = 5*n - 2*n**3 - 8 - 6*n**2 + 14 + 6. List the prime factors of x(-7).
3, 41
Let i(c) = -2*c**3 + 133*c**2 + 74*c - 22. List the prime factors of i(66).
2, 11, 419
What are the prime factors of ((-137152)/(-16))/(36/(-42) - -1)?
2, 7, 2143
Suppose c - 2027 = -4*t, 5*t - 6073 = -3*c + t. Suppose -5*l + c = -2*u, -3*l - 2*u = -510 - 707. What are the prime factors of l?
3, 5
Let h = -35254 - -58437. What are the prime factors of h?
97, 239
Suppose 219*h - 211*h = 24. Suppose 3*k + 5*w - 1753 = 0, 2*k + h*w - 2319 = -2*k. List the prime factors of k.
2, 3
Let h(o) = 4*o**2 + 136*o - 815. What are the prime factors of h(94)?
3, 7, 751
Suppose 3*u - 16201 = 3*i - 4*i, -4*u + 48593 = 3*i. What are the prime factors of i?
5, 41, 79
Suppose 2*c + 17380 = 6*c - z, 0 = c + z - 4345. Let m = c + -2707. What are the prime factors of m?
2, 3, 7, 13
Suppose -4272 = 19*g + 13*g - 56*g. Let y = 35 + -5. Let s = y + g. List the prime factors of s.
2, 13
Let w(q) = 68*q**2 + 59*q + 40. List the prime factors of w(13).
7, 251
Suppose -w = -3*d + 458, w = 3*d + 5*w - 478. Let h(i) = 255*i + 664. Let k be h(-3). Let g = k + d. What are the prime factors of g?
53
Suppose 45 = 12*s + 3*s. Suppose 7*j + 4*n - 1404 = 2*j, 0 = s*j - 3*n - 864. List the prime factors of j.
2, 71
Suppose -38*k + 37*k + 3*s + 14688 = 0, 5*s + 58738 = 4*k. What are the prime factors of k?
2, 3, 2447
Let h = 879 + 1001. List the prime factors of h.
2, 5, 47
Suppose -3*l + 14 = 2*d - 2*l, 2*d + 3*l = 22. Suppose -d*t - 660 + 2120 = 0. List the prime factors of t.
2, 73
Let n(y) = 4*y**3 - 33*y**2 - 42*y - 46. What are the prime factors of n(26)?
2, 7, 3347
Let b = 105 - 103. Suppose -5*u = -4*v + 2052, v - b*u + 91 - 607 = 0. List the prime factors of v.
2, 127
Suppose -5*b = -29 + 9. What are the prime factors of 2 - (-511 + -2 + b + -1)?
2
Let r = -2954 + 12636. What are the prime factors of r?
2, 47, 103
Let j = 947 - 373. Let d = j - -468. List the prime factors of d.
2, 521
Let a(h) = 475*h**2 + 56*h - 329. List the prime factors of a(6).
17107
Let d(q) be the second derivative of -q**4/6 - 2*q**3/3 + 15*q**2/2 - 5*q. Let z be d(-12). Let u = z + 456. List the prime factors of u.
3, 7, 11
Let p = -873 + 1450. Let r = -156 + p. What are the prime factors of r?
421
Suppose -292736 = 16*s - 24*s. Suppose -33*p + s = 10390. List the prime factors of p.
2, 397
Suppose 0 = 2*v - 6*v - 48. Let c = 14 + v. Suppose 4*l = c*l + 104. List the prime factors of l.
2, 13
List the prime factors of ((-990613)/169 + -7)*(-13)/2.
2, 19073
Let d(v) = 4*v**2 - 5*v - 5 + 7 - 52*v**3 - 8. What are the prime factors of d(-3)?
3, 7, 23
Let u(h) = 8*h**3 + 7 - 47*h + 3 - 21*h**2 + 3*h**3 - 10*h**3. What are the prime factors of u(24)?
2, 5, 61
Suppose -7 - 11 = -6*b. Suppose 12 + 0 = b*a. Suppose 0 = a*p + 232 - 1044. List the prime factors of p.
7, 29
Let z be (9/4)/(-3)*(-5 + 1). Let s(u) = 191*u - 37. Let v be s(z). Let l = -279 + v. List the prime factors of l.
257
Suppose -w - 3*k + 4049 = 0, -23*k + 20*k + 12111 = 3*w. List the prime factors of w.
29, 139
Let x = -6104 - -13613. What are the prime factors of x?
3, 2503
Suppose 2*g + 100 - 24 = 0. Let k be (g/(-57))/(2/(-24)). List the prime factors of 8*(3 - 10/k).
2, 17
Suppose 0 = -7*n + 1017 - 135. Let w = n - -34. What are the prime factors of w?
2, 5
Let b(x) = -x**2 - x + 74. Let k be b(-9). Suppose 3*f - 5*d = 4*f - 206, -k*d = 4*f - 842. What are the prime factors of f?
211
Let k(i) = 18*i + 44. Let t be k(12). Let m = -122 + t. Let o = 196 - m. What are the prime factors of o?
2, 29
Let s(t) = -t**2 - 39*t - 107. Let h = 230 + -246. What are the prime factors of s(h)?
3, 29
Suppose -q - 2 = 0, q - 13 = 5*s - 15. Suppose s = d, y + 3*d + 756 = 3*y. List the prime factors of y.
2, 3, 7
Suppose -5*g + 2*g = -18. Let i be 0 - 0 - 6/g - -1. What are the prime factors of i + -3 - 42/(2 + -3)?
3, 13
Let g(r) = 2*r + 9. Let i be g(-3). Suppose 3*j = -s - 33, 4*j + i*s + 9 = -30. What are the prime factors of (1 - 4)/j + 1062/8?
7, 19
Let q = -119 + 1692. Let b = q + -310. What are the prime factors of b?
3, 421
Suppose 4*d + 22 = -c - 52, -3*d + 324 = -5*c. Let b = -63 - c. Suppose -b*f + 50 = -19. What are the prime factors of f?
23
Let a(o) = -3*o**2 + 346*o + 15. What are the prime factors of a(80)?
5, 1699
Let t(s) = 32*s - 20. Let z(m) = -2*m - 1. Let o(k) = t(k) - 3*z(k). List the prime factors of o(17).
17, 37
Suppose 65*p - 323990 = 1146245. What are the prime factors of p?
22619
Suppose -f + 1 = 3*s, 3*f = 3*s + 5 - 2. What are the prime factors of (-6)/(24/(-284))*(2 + f)?
3, 71
List the prime factors of -6 - 243948/(-24) - (-2)/(-4).
2, 3, 1693
Suppose 36*p - 40*p = 5*u - 29830, -17901 = -3*u - 3*p. What are the prime factors of u?
2, 11, 271
Suppose 4*a - 338 = -2*b + 52, -3*b - 4*a + 579 = 0. Let n be (-14418)/b - 4/(-14). Let l = 29 - n. What are the prime factors of l?
3, 5, 7
Suppose 3*j - 4*j + 7 = 0. Suppose -90 - 1625 = -j*u. List the prime factors of u.
5, 7
Let n(i) = 10*i - 26. Suppose -t = -6*t + 20. Suppose j = 2*w + 17 - 12, -j + 11 = t*w. What are the prime factors of n(j)?
2, 11
Suppose -5*z = 11*n - 8*n - 32121, z = -5*n + 6411. List the prime factors of z.
2, 3, 7, 17
Let y = 18 + -14. Suppose y*i + 1 = 17. Suppose -4*r + 4*p + i + 60 = 0, -3*p - 37 = -2*r. What are the prime factors of r?
11
Suppose 14*b - 1730 = -232. Suppose -2 + 12 = i. Suppose i*g = 9*g + b. List the prime factors of g.
107
Let r be (-1 - 110) + 12/12. Let h = r + 42. Let m = 40 - h. What are the prime factors of m?
2, 3
Let x(f) = -5*f - 11. Let t be x(-11). Suppose 0 = -n - 4*r + 187, n - 5*r + t = 231. List the prime factors of n.
11, 17
Suppose -3*t - 36 = -3*u + 2*t, 4*u + 4*t - 16 = 0. Let c = u - 7. Suppose 10*z - 3*z - 574 = c. What are the prime factors of z?
2, 41
Let o = -65 + 68. Suppose o*n = q + 3*q - 16, -n - 6 = -2*q. List the prime factors of (-1)/((1/(-127))/q).
127
Suppose -6 = 14*v - 17*v. Let m be (-2)/6 - (-19)/57. Suppose m = v*c + 72 - 386. List the prime factors of c.
157
Let y(z) = 12*z + 82. Let j be y(-6). Let x(o) = 8*o**2 - 11*o - 38. What are the prime factors of x(j)?
2, 163
Let i(p) = p**3 + 4*p**2 - 3*p - 5. Let m be i(-2). Suppose 0 = -m*x + 568 + 1817. What are the prime factors of x?
5, 53
Let r be 12/42 - 4062/(-42). Suppose 3*a + 3*h - 1579 = -r, 991 = 2*a - h. What are the prime factors of a?
3, 5, 11
Suppose -4*a = k - 3*a - 8, 16 = -3*k + 5*a. Suppose k*m = 8 + 10. Suppose -m*s = -0*s - 276. What are the prime factors of s?
2, 23
Let q(b) = -b**3 + 14*b**2 + 9*b + 38. Let w(x) = -x**3 - 32*x**2 - 2*x - 50. Let j be w(-32). List the prime factors of q(j).
2, 41
Let d(y) = -6 + 2 + 4 + y**2 + 3*y**3 + y - 1. Let j be d(-1). Let l(a) = 2*a**2 - 9*a + 1. What are the prime fac